actors of 2500904676?
2, 3, 397, 524959
What are the prime factors of 33692886?
2, 3, 1871827
List the prime factors of 1563584777.
1563584777
List the prime factors of 399755437.
37, 151, 71551
What are the prime factors of 124345113?
3, 4177, 9923
What are the prime factors of 740540925?
3, 5, 3291293
List the prime factors of 8180347.
7, 1168621
List the prime factors of 539456385.
3, 5, 13, 173, 15991
List the prime factors of 109967452.
2, 7, 3927409
List the prime factors of 5164579155.
3, 5, 344305277
What are the prime factors of 1791905363?
1791905363
List the prime factors of 362376952.
2, 7, 924431
What are the prime factors of 552992101?
331, 937, 1783
List the prime factors of 2126227126.
2, 37, 1973, 14563
What are the prime factors of 5168374600?
2, 5, 37, 433, 1613
List the prime factors of 110507229.
3, 7, 433, 4051
List the prime factors of 948769153.
103, 673, 13687
What are the prime factors of 74476187?
74476187
What are the prime factors of 35764350?
2, 3, 5, 151, 1579
What are the prime factors of 422202304?
2, 6596911
What are the prime factors of 27937476?
2, 3, 7, 110863
What are the prime factors of 925397445?
3, 5, 7, 277, 31817
List the prime factors of 8229475216.
2, 514342201
What are the prime factors of 3143471139?
3, 17, 6848521
What are the prime factors of 820262408?
2, 7, 929, 15767
List the prime factors of 1495000624.
2, 13, 7187503
List the prime factors of 12961396.
2, 7, 37, 12511
List the prime factors of 1150438178.
2, 17, 29, 1166773
What are the prime factors of 789879217?
789879217
List the prime factors of 1534479758.
2, 7, 109605697
List the prime factors of 30413324.
2, 47, 161773
List the prime factors of 1450090236.
2, 3, 7, 37, 466567
What are the prime factors of 1987989524?
2, 109, 4559609
What are the prime factors of 918936280?
2, 5, 41, 269, 2083
What are the prime factors of 34551747?
3, 19, 37, 43, 127
List the prime factors of 64044063.
3, 241, 29527
List the prime factors of 1504855826.
2, 2689, 279817
What are the prime factors of 631558722?
2, 3, 31, 3395477
What are the prime factors of 2292171618?
2, 3, 11, 2417, 14369
List the prime factors of 63300121.
71, 891551
List the prime factors of 1372684065.
3, 5, 6143, 14897
What are the prime factors of 3600255161?
16301, 220861
List the prime factors of 5399493537.
3, 83, 21684713
What are the prime factors of 109630544?
2, 229, 29921
What are the prime factors of 3147743962?
2, 11, 71, 2015201
List the prime factors of 15976148.
2, 257, 15541
What are the prime factors of 2370541445?
5, 139, 3410851
List the prime factors of 415903775.
5, 7, 2376593
What are the prime factors of 170967371?
170967371
List the prime factors of 37614449.
1867, 20147
What are the prime factors of 3623259278?
2, 2063, 878153
What are the prime factors of 2206931273?
2206931273
What are the prime factors of 372101117?
17, 29, 41, 449
List the prime factors of 95003516.
2, 881, 26959
What are the prime factors of 50344681?
509, 98909
What are the prime factors of 4012312524?
2, 3, 11, 71, 127, 3371
List the prime factors of 5450276870.
2, 5, 14033, 38839
List the prime factors of 35120789.
11, 71, 193, 233
What are the prime factors of 3667106323?
3571, 1026913
List the prime factors of 203723642.
2, 101861821
What are the prime factors of 49906474?
2, 24953237
What are the prime factors of 255494231?
8563, 29837
List the prime factors of 93489360.
2, 3, 5, 389539
What are the prime factors of 301143745?
5, 7, 8604107
List the prime factors of 54532300.
2, 5, 587, 929
What are the prime factors of 135192200?
2, 5, 11, 13, 29, 163
What are the prime factors of 13807619?
7, 277, 7121
List the prime factors of 202183341.
3, 41, 61, 26947
What are the prime factors of 962336551?
11, 29, 59, 51131
List the prime factors of 905991498.
2, 3, 50332861
List the prime factors of 17865122.
2, 11, 812051
List the prime factors of 474822275.
5, 97, 103, 1901
List the prime factors of 31595701.
31595701
List the prime factors of 365862036.
2, 3, 3137, 9719
List the prime factors of 88166847.
3, 3373, 8713
What are the prime factors of 20784275?
5, 831371
What are the prime factors of 124208854?
2, 7, 11, 43, 18757
List the prime factors of 567215658.
2, 3, 31511981
List the prime factors of 14880385.
5, 13, 228929
What are the prime factors of 200755092?
2, 3, 16729591
What are the prime factors of 4414731195?
3, 5, 7, 53, 113329
List the prime factors of 4491888.
2, 3, 93581
What are the prime factors of 47349108?
2, 3, 1315253
What are the prime factors of 12724586?
2, 7, 101, 8999
List the prime factors of 85856319.
3, 593, 16087
What are the prime factors of 56554522?
2, 28277261
List the prime factors of 140437772.
2, 35109443
What are the prime factors of 4220281987?
41, 102933707
What are the prime factors of 1028762619?
3, 19, 18048467
What are the prime factors of 54243924?
2, 3, 7, 31, 37, 563
What are the prime factors of 68400129?
3, 7, 17, 101, 271
List the prime factors of 134752410.
2, 3, 5, 13, 67, 191
What are the prime factors of 420359509?
420359509
What are the prime factors of 129325305?
3, 5, 19, 227, 1999
What are the prime factors of 42827339?
53, 113, 7151
What are the prime factors of 29467691?
11, 73, 36697
List the prime factors of 40601518.
2, 19, 1068461
List the prime factors of 2984313622.
2, 19, 78534569
List the prime factors of 191743482.
2, 3, 7, 2039, 2239
List the prime factors of 62904536.
2, 7863067
List the prime factors of 59194231.
2281, 25951
List the prime factors of 277967875.
5, 2223743
List the prime factors of 25147906.
2, 7, 19, 94541
What are the prime factors of 239240261?
13, 37, 43, 269
What are the prime factors of 137384643?
3, 11, 4163171
What are the prime factors of 160867035?
3, 5, 7, 463, 1103
What are the prime factors of 14182700?
2, 5, 7, 20261
List the prime factors of 4395095532.
2, 3, 41, 43, 563
What are the prime factors of 332683231?
127, 311, 8423
List the prime factors of 561310620.
2, 3, 5, 13, 239, 3011
What are the prime factors of 3459066263?
29, 119278147
What are the prime factors of 449319518?
2, 31, 7247089
What are the prime factors of 416337906?
2, 3, 89, 779659
What are the prime factors of 2697447?
3, 899149
List the prime factors of 160974759.
3, 11, 107, 45589
List the prime factors of 64720078.
2, 32360039
What are the prime factors of 2487272451?
3, 829090817
What are the prime factors of 4592842351?
127, 36164113
What are the prime factors of 238587577?
563, 423779
What are the prime factors of 100296444?
2, 3, 61, 181, 757
List the prime factors of 1984506955.
5, 396901391
What are the prime factors of 792036985?
5, 37, 1093, 3917
What are the prime factors of 100238212?
2, 25059553
List the prime factors of 1627773941.
1117, 1457273
What are the prime factors of 30655707?
3, 149, 68581
What are the prime factors of 58638116?
2, 29, 505501
List the prime factors of 27521383.
27521383
List the prime factors of 286142162.
2, 1621, 88261
What are the prime factors of 417932836?
2, 47, 2223047
List the prime factors of 386542761.
3, 11, 23, 251, 2029
What are the prime factors of 467073625?
5, 3736589
What are the prime factors of 2397182461?
17, 8294749
What are the prime factors of 52994721?
3, 13, 373, 3643
What are the prime factors of 190224998?
2, 19, 5005921
What are the prime factors of 584885925?
3, 5, 13, 199961
List the prime factors of 74322282.
2, 3, 971, 12757
List the prime factors of 1663081589.
13, 29, 4411357
What are the prime factors of 175765295?
5, 17, 19, 43, 2531
List the prime factors of 187974859.
127, 193, 7669
List the prime factors of 317503669.
7, 45357667
What are the prime factors of 108075305?
5, 13, 1662697
List the prime factors of 665261229.
3, 221753743
What are the prime factors of 1871611289?
1871611289
List the prime factors of 113995343.
7, 11, 1480459
List the prime factors of 36110987.
11, 3282817
List the prime factors of 39351574.
2, 23, 787, 1087
List the prime factors of 262712676.
2, 3, 21892723
List the prime factors of 217981968.
2, 3, 4541291
What are the prime factors of 7020768?
2, 3, 73133
List the prime factors of 2166947305.
5, 1193, 363277
What are the prime factors of 504586198?
2, 233, 379, 2857
List the prime factors of